s digit of 2/(-8) + c/(-12)?
5
Let t(k) = k**3 - 8*k**2. Let q be t(8). Suppose 4*w + y - 6 - 6 = q, -5*w + 15 = 3*y. Suppose 4*n + 5*a = n + 19, 0 = 3*a + w. What is the units digit of n?
8
Suppose 3*c = -5*a + 95, 135 = 5*a - c - 4*c. Let p = a - 10. What is the tens digit of p?
1
Suppose -3*h - 12 = -3*i, -2*h - 2*h - 3*i = 44. Let j = 20 + h. What is the units digit of j?
2
Let m be (-1)/2 - 15/(-6). Suppose -m*b + 72 = 2*b. What is the units digit of b?
8
Let x = 15 - -24. What is the units digit of x?
9
Suppose -14*l - 525 = -17*l. What is the tens digit of l?
7
Suppose 0 = -3*f + q + 251, 0*q + 166 = 2*f - q. What is the units digit of f?
5
Let v(y) = y - 5. Let i be v(6). Let h(r) = 36*r + 2. What is the tens digit of h(i)?
3
Let a be (5 - -1) + 0 + -3. What is the tens digit of a/2*26/3?
1
Suppose 0 = -2*u - 3*k + 6, -4*k = 2*u - 3*u + 3. Suppose -5*y - u = -2*i, -2*y - 16 = -6*y - 3*i. What is the units digit of y?
1
Let w be (-1 + -3)*(-1)/2. Suppose w*c - 6 = -2*c + s, 0 = -2*c - s + 6. Suppose 4*h + c*p = 28, 6*p - 2*p = 16. What is the units digit of h?
5
Let x = 10 + -12. Suppose -3*g + 0 = 6. What is the units digit of (4 + x)*(-11)/g?
1
What is the hundreds digit of (-2110)/(-18) - 4/18?
1
What is the units digit of (-325)/(-10)*8/10?
6
Suppose -3*k + 133 = 4*h, -8*h = -3*h + 25. What is the units digit of k?
1
Let l be (-8)/(-36) - 32/(-18). Suppose 2 = -l*s + 6. Let h = 11 - s. What is the units digit of h?
9
What is the tens digit of ((-8)/12)/((-4)/114)?
1
Suppose -10 = -l + 10. Suppose -o = -4*o. Suppose -7*b + 2*b + l = o. What is the units digit of b?
4
Let i = 139 - 83. Suppose 3*r = -r + i. What is the units digit of r?
4
What is the tens digit of ((-19)/(-2))/(1/2)?
1
Suppose g = -3*h + 96, -4*g + 296 = -g + h. What is the tens digit of g?
9
Let g be 1/(-2 + 1) - -7. Suppose -4*w + 3*l = -5 - g, 4*w = -2*l + 26. What is the units digit of w?
5
Suppose -2*v + 2*a + 52 + 2 = 0, 5*v + 2*a - 121 = 0. What is the tens digit of v?
2
Let o(c) = -3*c - 1. Suppose 5*d + 10 = 4*n, -3*d + 6 + 5 = n. Suppose 5*r = -h - 0*h - 15, 0 = 5*r - h + n. What is the units digit of o(r)?
5
Let x = -3 - -7. Let j = x - 3. What is the units digit of j + (-3 - -2) - -7?
7
Let h(z) = -60*z - 1. Let n be h(-2). Suppose 57 = y - w, 3*w + 0*w - n = -2*y. What is the units digit of y/8 + (-4)/16?
7
Let y = -1 + 1. Suppose 8 = -3*d + 29. Let b = d + y. What is the units digit of b?
7
Let i(c) = -c**3 + 12*c**2 - 12*c + 12. Let o be ((-1)/4)/(2/(-88)). What is the units digit of i(o)?
1
Suppose -15*o - 83 = -16*o. What is the tens digit of o?
8
What is the units digit of (-3 + 2)*38*-4?
2
Let j(n) = 3*n - 1. Let v be j(3). Let a be 9/(-3)*v/2. What is the units digit of (6/(-4))/(a/56)?
7
Let k be -2 - -10 - (0 + 1). Let i(h) = 0*h**2 - h**2 - k*h + 0*h**2 - 6. What is the units digit of i(-5)?
4
Suppose 357 = 2*f + 95. What is the units digit of f?
1
Let j = -32 + 65. Suppose -16 - j = -i. What is the units digit of 112/i - 2/7?
2
Suppose 4*l = 0, -5*o + 0*l - 3*l + 10 = 0. Suppose -5*s + 3*u + 36 = -u, 2*s - o*u = 14. What is the units digit of s?
8
Let r = 8 + -5. Let m(n) = n**3 - 4*n. What is the units digit of m(r)?
5
Let p(j) = j**2 - 4*j + 1. Let s be p(4). Suppose d = s + 3. Suppose -2*y - 8 = 0, -19 = -4*z + d*y + 25. What is the units digit of z?
7
Suppose -4*k + 48 = 4*j, -5*j - 2*k + 60 = -3*k. What is the tens digit of j?
1
Suppose 0 = -10*z + 4*z + 780. What is the tens digit of z?
3
Let c = 8 - 4. Suppose -3*p + 6 = 3. Suppose 18 = t + c*z - p, -2*t = -z - 20. What is the units digit of t?
1
Let o(q) be the first derivative of -5*q**2/2 - 2*q - 5. What is the units digit of o(-6)?
8
Suppose -u = f + 3*u - 13, -10 = 2*f - u. Let l = f + 13. Let g = l - -2. What is the units digit of g?
2
Let v be (-6)/(-12) - 2/4. Suppose h + 0*h - 3 = v. What is the units digit of h?
3
Suppose 3*l - 4 = l. Suppose l*r = 6*r - 12. Suppose -12 + 33 = r*b. What is the units digit of b?
7
Let q be (3/(-1))/(3/4). Let f be (1 - 0)*(4 - q). Let k = f - 4. What is the units digit of k?
4
Let b be ((-2)/4)/(6/(-24)). Let k be (b - (-2 + 3))*1. Let o(u) = 3*u - 1. What is the units digit of o(k)?
2
What is the tens digit of (-17 - -19)*(-135)/(-2)?
3
Let d(v) = -5*v - 27. Let c(b) = -2*b - 13. Let k(y) = -7*c(y) + 3*d(y). Let f be k(8). Suppose -z + 12 = f*z + 2*s, 2*s - 8 = -z. What is the units digit of z?
2
Suppose -l + 96 = 4*g - 0*g, 5*l - 48 = -2*g. What is the units digit of g?
4
Let x(f) = f**3 - 3*f**2 + f - 3. Let s be x(3). Suppose -5*j + 71 + 14 = 4*v, s = 3*j + 3*v - 54. What is the units digit of j?
3
Let m(z) = 5*z + 3. Let d be m(-3). Let n = 2 - -21. Let f = n + d. What is the tens digit of f?
1
Let z(d) = d**3 + 0*d**3 - 4*d**2 + 0*d + 6 - 3*d. What is the tens digit of z(5)?
1
Let g = 4 + 0. What is the units digit of g/(-6)*(-8 - -2)?
4
What is the hundreds digit of -4 - -124 - (-4 - -1)?
1
Suppose 0 = 4*l - 198 - 10. Suppose -a = -3*t + 39, -2*a - 2*a = -4*t + l. What is the units digit of t?
3
Let n = 3 + 1. Suppose 0 = -4*c - n, 2*b + 3*b = -c + 39. What is the units digit of b?
8
Let a be 6/24 + 59/4. Let b be 1 + a + 2*-1. Suppose v = -v + b. What is the units digit of v?
7
Let q(a) = a**2 + 12*a + 6. Let p be q(-11). Let b = p + 2. What is the tens digit of -3*(-2 - (-14)/b)?
2
Suppose -4*y - 5*l + 625 = 197, -2*l = -2*y + 196. What is the tens digit of y?
0
Let l = -5 + 7. Let j be -3*4/(-2) + -1. Suppose -1 = q + j*i, -l*i + 32 = q + 3*q. What is the units digit of q?
9
Let w = 17 - -59. What is the tens digit of w?
7
Let p(d) = 2*d**3 + 19*d**2 - 5*d. Let j(k) = 2*k + 0*k - 2*k**3 + 3*k**2 + k**3 - 13*k**2. Let x(y) = -7*j(y) - 4*p(y). What is the units digit of x(-7)?
7
What is the tens digit of ((-2)/(-2))/((-23)/(-851))?
3
What is the units digit of (-2)/(-6)*31*3?
1
Let h(b) be the third derivative of b**6/120 + b**4/24 + 5*b**3/6 + 2*b**2. Let l be h(0). Suppose 0 + 15 = l*i. What is the units digit of i?
3
Let j = -25 + 42. What is the units digit of j?
7
Let o be 0/(-3 + 2 - -3). Let s = o - -2. Let q = 4 - s. What is the units digit of q?
2
Let s(g) = g**3 + 12*g**2 + 11*g + 7. Let r be s(-11). Suppose -9 = -v + 3*a, v + r - 15 = 2*a. What is the units digit of v?
6
Let p(v) be the second derivative of -v**4/12 - 7*v**3/6 - 7*v**2/2 - 3*v. Let j be p(-5). Suppose 0 = u + j - 18. What is the tens digit of u?
1
Let d(l) = 2*l**2 - 6*l + 7. Let c be d(8). Suppose -5*y + 4*a = -c, 3*y - 49 + 1 = a. What is the units digit of y?
5
Let w = 10 - 18. Let c = w - -13. What is the units digit of c?
5
Let n(k) = k**3 + 9*k**2 + 10*k + 10. Let v be n(-8). Let a be (-3 + 2 - -3) + -1. Let j = a - v. What is the units digit of j?
7
Suppose -177 = -4*z + j - 0*j, -z = -2*j - 39. What is the tens digit of z/(-6)*2*-1?
1
Let h = 11 + -7. Let p = h - -10. What is the units digit of p?
4
Let m(y) = -y**3 - 12*y**2 + 3*y + 1. What is the tens digit of m(-14)?
5
Suppose -4*w = -2*n + 86, 0*n - 5*n + 191 = 2*w. What is the units digit of n?
9
Suppose s + 0*s = 45. Suppose 0 = -4*a + s + 19. What is the tens digit of a?
1
Let h(m) = -3*m - 1. Let a be h(-1). Suppose 0 = -a*i, 0 = -r + 2*r - i - 12. What is the units digit of r?
2
Let i(c) = -c**2 + 6*c + 10. Let g be i(7). Suppose -39 = -g*v + 3*h, 3*h + 54 = 4*v + 1. What is the tens digit of v?
1
Let h = -12 + 17. Suppose -r - 60 = -h*r. What is the tens digit of r?
1
Let y = -39 - -111. What is the units digit of y?
2
Suppose 20 = -4*v, -2*c = -3*c + 3*v + 96. Suppose -2*q = 2*m - 14 - 12, m = -5*q + c. What is the tens digit of q?
1
Suppose -16 + 1 = 5*x. What is the tens digit of (-1)/(x/9) + 14?
1
Let i(r) = -r**3 - 6*r**2 - 4*r + 1. Let k be i(-5). What is the units digit of (2 - -22) + k/2?
2
Let m(k) = k**3 + 7*k**2 + 7*k + 5. Let c be m(-6). What is the tens digit of 38/1 - (c + 2)?
3
Let m = 10 + -9. Let s(x) = x**2 + 0*x + m + 6*x + 0*x. What is the units digit of s(-8)?
7
Suppose 5*y - 3 = 4*y. Suppose 2*l - 6 = 3*h + 8, -y*l + 2*h = -11. What is the units digit of l?
1
Let n(m) = 2 + 8*m - 3*m + 7*m. What is the units digit of n(2)?
6
What is the tens digit of (75/10)/1*10?
7
Let p(o) be the second derivative of o**5/20 + 5*o**4/12 + o**3/3 - 2*o**2 + 4*o. What is the units d